inder when 5 + -3 + 39 - 5/(-1) is divided by a?
16
Let i(g) = g**2 + 8*g + 1. Let w(o) = -o**3 + 6*o**2 + 4*o + 12. Let f be w(7). What is the remainder when 59 is divided by i(f)?
9
What is the remainder when -76*(66/120 - 4/5) is divided by 4?
3
Suppose 2*t = f - 84, -2*f - t + 162 = -2*t. Suppose -2*s = j + j - 78, -2*j = s - f. What is the remainder when j is divided by 21?
20
Suppose 8*n + 2*n - 470 = 0. What is the remainder when n is divided by 24?
23
Let k(c) = 14*c + 16. Suppose -9 = -3*i - z, -7 + 0 = -2*i - z. Calculate the remainder when k(-1) is divided by i.
0
Let u(v) = -v**3 + 31*v**2 - v + 44. What is the remainder when 219 is divided by u(31)?
11
Suppose a = 0, -5*g - 2*a - 2*a = -55. Let o(j) = 2*j**2 - 10*j + 7. Suppose -4*h + 20 = 2*d, 0 = -4*d - 0*d. Calculate the remainder when g is divided by o(h).
4
Let k = 47 - -4. Suppose k + 29 = 5*p. Calculate the remainder when 30 is divided by p.
14
Calculate the remainder when (-9)/(-12) + ((-495)/(-12) - -1) is divided by 15.
13
Suppose 140 = 162*w - 155*w. Calculate the remainder when 357 is divided by w.
17
Suppose -87*r + 3302 = -74*r. Calculate the remainder when r is divided by 5.
4
Let h(y) = 32*y**2 + 477*y - 17. Calculate the remainder when 583 is divided by h(-15).
23
Suppose 0 = 7*i + 26 - 229. Calculate the remainder when i is divided by 6.
5
Let g(z) = -z**3 - 20*z**2 + 15*z - 22. Let b be g(-21). Let r = -21 + b. Calculate the remainder when r is divided by 43.
40
Calculate the remainder when 79 is divided by (46/(-6))/((-17)/102).
33
Let p(s) = s**3 + 7*s**2 + 3*s + 2. Let n be p(-6). Let w = n - 9. Calculate the remainder when w is divided by 6.
5
Let p = -300 - -327. Let q be (-1 + 5)*(-2 + 4). Suppose q*s - 3*s = 535. What is the remainder when s is divided by p?
26
Let n(t) = -258*t - 813. What is the remainder when n(-9) is divided by 501?
6
Let g(r) = 3*r - 4. Let n be g(2). Let c be (-516)/60 - n/5. Calculate the remainder when 41 is divided by 25 - 5/((-15)/c).
19
Let t(h) = 6*h**3 - 5*h**2 - 3*h. Let c be t(5). Suppose -6*v = 28 - c. What is the remainder when v is divided by 20?
17
Let a = -264 - -285. What is the remainder when a is divided by 4?
1
Let g = 84 + -49. Let j = -28 + 52. Suppose 5*v - j = 71. What is the remainder when g is divided by v?
16
Suppose -q - q + 8 = 0. Suppose q*k - 12 = -4. Suppose -t + 104 = k*i - 4*t, -3*i - 5*t + 137 = 0. Calculate the remainder when i is divided by 17.
15
Let x(u) = -u**3 + u + 4. Let z = 4 - 4. Let o be x(z). Suppose 0 = s + o*s - 355. What is the remainder when s is divided by 24?
23
Let m = 252 + -116. What is the remainder when m is divided by 23?
21
What is the remainder when 1 - (1 + -79 + 2) is divided by (-24)/132 + (-444)/(-22)?
17
Let q(w) = -6*w + 11. Calculate the remainder when q(-6) is divided by 28.
19
Let i be (-1 + -1)*(0 + 330/(-12)). Let h = i - 24. Let o = 38 - 22. Calculate the remainder when h is divided by o.
15
Let n(s) = s**3 - 14*s**2 + 19*s - 1. Let f be (0 - 1)*(-10 + 6). Suppose f*k = -k + 65. Calculate the remainder when n(k) is divided by 20.
17
Let s(k) = 16*k**2 + k. Calculate the remainder when 116 is divided by s(-1).
11
Calculate the remainder when (2 - 7)/((-5)/46) is divided by 9.
1
Let b(z) = -14*z + 1089. Suppose 112 = 2*r - r + 3*q, 3*r + 4*q - 341 = 0. What is the remainder when r is divided by b(75)?
37
Let j = 323 - 306. What is the remainder when 372 is divided by j?
15
Let g = -184 + 180. Let b(m) = -2*m - 5. What is the remainder when b(g) is divided by 14/6 + 2/3?
0
Let r = -71 - -81. What is the remainder when 67 is divided by r?
7
Suppose i + 51 = -3*y, -41 + 168 = -3*i + 4*y. Let k = i - -51. Suppose 5*s = 17 - 2. What is the remainder when k is divided by s?
0
Calculate the remainder when 11/(-2) - 39/26 - -78 is divided by 44.
27
Suppose -23*w = -41*w + 252. Calculate the remainder when 433 is divided by w.
13
Calculate the remainder when -22 + 435 + 14/(-2) is divided by 24.
22
Let b = -9 + 24. Let t(n) = n - 5*n**3 + 3*n - 3 - n**2 + 4*n**3. Calculate the remainder when t(-4) is divided by b.
14
Suppose 2*s = -4*l + 152, -3*s = 4*l - 3 - 145. Let c(k) = -k**3 + 7*k**2 - 5*k - 4. Suppose 0 = 2*a - 8 - 2. Calculate the remainder when l is divided by c(a).
19
Calculate the remainder when 2792 is divided by (55/(-165))/(1/(-381)).
125
What is the remainder when (-12)/10 - (-16672)/160 is divided by 54?
49
Suppose -5*z + 6*z - 9 = 0. Let v = -14 - -21. What is the remainder when z is divided by v?
2
Let h(j) = -j**2 - 5*j + 8. Let c be h(-6). Suppose 15 = c*p + 1. What is the remainder when p is divided by 3?
1
Let v = -100 + 136. Suppose 24 = 2*m + 4*i, -5*m = 2*i + 3*i - 65. Suppose 2*x + 7 = s, -3*x + 47 + m = 4*s. Calculate the remainder when v is divided by s.
10
Let s(o) be the third derivative of o**4/24 - 11*o**3/6 - 2*o**2. Let w be s(11). Suppose w = -v + 3*v - 48. What is the remainder when v is divided by 9?
6
Let w(v) = -v**3 + 5*v**2 + v + 2. Suppose h - 2*h + 107 = 0. What is the remainder when h is divided by w(4)?
19
Suppose 7*u + 4*n = 4*u + 1347, -5*u = 5*n - 2245. What is the remainder when u is divided by 151?
147
Let q = 133 + -154. What is the remainder when 79 is divided by ((-16)/6)/(2/q)?
23
Let m(g) = 20*g**3 + 2*g**2 - 80*g + 79. What is the remainder when 122 is divided by m(1)?
17
Let f = 2211 - 2185. Calculate the remainder when 80 is divided by f.
2
Calculate the remainder when -2 + (-111)/2*(-36 + 24) is divided by 19.
18
Suppose 83 + 60 = 11*p. Suppose f + 60 = 3*f. Let u = f + 32. What is the remainder when u is divided by p?
10
Suppose -2*l - 22 = -3*k, 2*l + 6 = 2. What is the remainder when 62 is divided by (-48)/10*(-20)/k?
14
Let l(m) = 25*m**2 + 4*m + 21. Calculate the remainder when l(7) is divided by 85.
84
Suppose -2*l = 8 - 2. Let x be 5/((-5)/l)*1. Let h = 7 - x. Calculate the remainder when 6 is divided by h.
2
Let g = -2235 - -2275. What is the remainder when g is divided by 24?
16
Suppose -7*r + 6*r = -22. Let o(s) = s**2 - 11*s - 14. Calculate the remainder when r is divided by o(13).
10
Let y(a) = 9*a**2 + 321*a - 79. What is the remainder when y(-36) is divided by 23?
6
Let v(o) = -3*o**3 - o - 2. Let y be v(-2). Suppose -2*x - 3*f + y + 7 = 0, 3*x - 72 = 4*f. Calculate the remainder when x is divided by 12.
8
Suppose 2*n = -4*l + 117 + 23, -140 = -4*l + 2*n. Calculate the remainder when l is divided by 12.
11
Let l be -3 + -102 - (1 + 3). Let t = 156 + l. Suppose 8*y - 9*y + t = 0. What is the remainder when y is divided by 16?
15
Let x(w) = -w**2 - 5*w + 5. Suppose 27*h - 26*h = -5. What is the remainder when 26 is divided by x(h)?
1
Let a = 290 - 234. Calculate the remainder when 167 is divided by a.
55
Let v be (-10)/2 + 183 + 2. Suppose -7*o = -429 - v. Let r = -51 + 73. What is the remainder when o is divided by r?
21
Suppose -6*b + 2*b = -56. Suppose 9*c - 31 = b. Calculate the remainder when c is divided by 3.
2
Suppose 2*q - 6 + 4 = 0. Let y be (306/(-24))/(q/4). Let f = y + 98. Calculate the remainder when f is divided by 16.
15
Let h(w) = -w**3 + 5*w**2 + 4*w - 10. Calculate the remainder when h(4) is divided by 8.
6
Let c(d) = -6 + 9*d - 18*d + 6*d + 2*d**2. What is the remainder when 61 is divided by c(-2)?
5
Let c = 12 + -15. Let l be 5/((3/c)/(-1)). Suppose -g + b + 8 = 4*b, -l*g + 58 = -3*b. Calculate the remainder when g is divided by 4.
3
Let n = -2001 - -2038. What is the remainder when n is divided by 20?
17
Let x = 475 + -447. What is the remainder when 164 is divided by x?
24
Suppose 6*q - 280 = 2*q. Suppose 0 = 5*i + 30. Calculate the remainder when q is divided by (-1 - -15) + (-3 - (i - 1)).
16
Suppose 2*a - 29 + 5 = 0. Suppose 2*o + 330 = 17*o. Calculate the remainder when o is divided by a.
10
Calculate the remainder when (665/(-140))/(1 + (-75)/72) is divided by 59.
55
What is the remainder when 77 is divided by (-10)/(-3)*(-126)/(-70)?
5
Let c = -12 - -114. Calculate the remainder when c is divided by 54.
48
Let w(o) = 5*o**2 - 76*o + 9. Calculate the remainder when 148 is divided by w(16).
2
Suppose -3*w = -3*y + 39, 4*w = -w - 5*y - 15. Let i(b) = -b**3 - 8*b**2 - b + 9. What is the remainder when 83 is divided by i(w)?
15
Let l be (9/(-6))/((-3)/(-66)). Suppose n - 38 =